{"id":223,"date":"2021-10-12T14:23:49","date_gmt":"2021-10-12T12:23:49","guid":{"rendered":"http:\/\/suszarki-valera.pl\/?post_type=product&#038;p=223"},"modified":"2021-10-13T14:16:11","modified_gmt":"2021-10-13T12:16:11","slug":"hotello-super-ac","status":"publish","type":"product","link":"http:\/\/www.suszarki-valera.pl\/index.php\/produkt\/hotello-super-ac\/","title":{"rendered":"Hotello Super AC"},"content":{"rendered":"","protected":false},"excerpt":{"rendered":"<h5>Mod. 832.02\/T<\/h5>\n<table width=\"229\">\n<tbody>\n<tr>\n<td colspan=\"2\" width=\"229\">Silnik AC o zwi\u0119kszonej trwa\u0142o\u015bci (+1500 h)<\/td>\n<\/tr>\n<tr>\n<td colspan=\"2\" width=\"229\">Kompaktowe rozmiary: 147 x 238 mm<\/td>\n<\/tr>\n<tr>\n<td colspan=\"2\" width=\"229\">Automatyczne w\u0142\u0105czanie<\/td>\n<\/tr>\n<tr>\n<td colspan=\"2\" width=\"229\">Automatyczny wy\u0142acznik czasowy (8 minut)<\/td>\n<\/tr>\n<tr>\n<td colspan=\"2\" width=\"229\">Obrotowy, nienagrzewaj\u0105cy si\u0119 uchwyt<\/td>\n<\/tr>\n<tr>\n<td colspan=\"2\" width=\"229\">Rozci\u0105gliwy w\u0105\u017c (max. 1,2m)<\/td>\n<\/tr>\n<tr>\n<td colspan=\"2\" width=\"229\">\u0141atwy monta\u017c bez otwierania obudowy<\/td>\n<\/tr>\n<tr>\n<td colspan=\"2\" width=\"229\">Obudowa IP34<\/td>\n<\/tr>\n<tr>\n<td colspan=\"2\" width=\"229\">2 opcje pod\u0142\u0105czenia elektrycznego<\/td>\n<\/tr>\n<\/tbody>\n<\/table>\n","protected":false},"featured_media":290,"template":"","meta":[],"product_brand":[],"product_cat":[21,62],"product_tag":[],"class_list":{"0":"post-223","1":"product","2":"type-product","3":"status-publish","4":"has-post-thumbnail","6":"product_cat-suszarki-medium-duty","7":"product_cat-hotello-super-ac","9":"first","10":"instock","11":"shipping-taxable","12":"product-type-simple"},"_links":{"self":[{"href":"http:\/\/www.suszarki-valera.pl\/index.php\/wp-json\/wp\/v2\/product\/223","targetHints":{"allow":["GET"]}}],"collection":[{"href":"http:\/\/www.suszarki-valera.pl\/index.php\/wp-json\/wp\/v2\/product"}],"about":[{"href":"http:\/\/www.suszarki-valera.pl\/index.php\/wp-json\/wp\/v2\/types\/product"}],"wp:featuredmedia":[{"embeddable":true,"href":"http:\/\/www.suszarki-valera.pl\/index.php\/wp-json\/wp\/v2\/media\/290"}],"wp:attachment":[{"href":"http:\/\/www.suszarki-valera.pl\/index.php\/wp-json\/wp\/v2\/media?parent=223"}],"wp:term":[{"taxonomy":"product_brand","embeddable":true,"href":"http:\/\/www.suszarki-valera.pl\/index.php\/wp-json\/wp\/v2\/product_brand?post=223"},{"taxonomy":"product_cat","embeddable":true,"href":"http:\/\/www.suszarki-valera.pl\/index.php\/wp-json\/wp\/v2\/product_cat?post=223"},{"taxonomy":"product_tag","embeddable":true,"href":"http:\/\/www.suszarki-valera.pl\/index.php\/wp-json\/wp\/v2\/product_tag?post=223"}],"curies":[{"name":"wp","href":"https:\/\/api.w.org\/{rel}","templated":true}]}}