{"id":318,"date":"2021-10-14T13:46:17","date_gmt":"2021-10-14T11:46:17","guid":{"rendered":"http:\/\/suszarki-valera.pl\/?post_type=product&#038;p=318"},"modified":"2021-11-05T11:08:07","modified_gmt":"2021-11-05T10:08:07","slug":"excel-protect-1600","status":"publish","type":"product","link":"http:\/\/www.suszarki-valera.pl\/index.php\/produkt\/excel-protect-1600\/","title":{"rendered":"Excel Protect 1600"},"content":{"rendered":"","protected":false},"excerpt":{"rendered":"<h5>Mod. 561.17\/044.04 white<\/h5>\n<table width=\"231\">\n<tbody>\n<tr>\n<td colspan=\"2\" width=\"231\">2-stopniowa regulacja nawiewu<\/td>\n<\/tr>\n<tr>\n<td colspan=\"2\" width=\"231\">3-stopniowa regulacja temperatury<\/td>\n<\/tr>\n<tr>\n<td colspan=\"2\" width=\"231\">Wy\u0142\u0105cznik naciskowy<\/td>\n<\/tr>\n<tr>\n<td colspan=\"2\" width=\"231\">Dyfuzor w zestawie<\/td>\n<\/tr>\n<tr>\n<td colspan=\"2\" width=\"231\">Mo\u017cliwo\u015b\u0107 zimnego nawiewu<\/td>\n<\/tr>\n<tr>\n<td colspan=\"2\" width=\"231\">Wyjmowany filtr<\/td>\n<\/tr>\n<tr>\n<td colspan=\"2\" width=\"231\">Automatyczny wy\u0142\u0105cznik w uchwycie \u015bciennym<\/td>\n<\/tr>\n<tr>\n<td colspan=\"2\" width=\"231\">Zabezpieczenie RCD \u226410mA<\/td>\n<\/tr>\n<\/tbody>\n<\/table>\n","protected":false},"featured_media":319,"template":"","meta":[],"product_brand":[],"product_cat":[22,76,67],"product_tag":[],"class_list":{"0":"post-318","1":"product","2":"type-product","3":"status-publish","4":"has-post-thumbnail","6":"product_cat-suszarki-hotelowe","7":"product_cat-suszarki-z-uchwytem-sciennym","8":"product_cat-excel-protect","10":"first","11":"instock","12":"shipping-taxable","13":"product-type-simple"},"_links":{"self":[{"href":"http:\/\/www.suszarki-valera.pl\/index.php\/wp-json\/wp\/v2\/product\/318","targetHints":{"allow":["GET"]}}],"collection":[{"href":"http:\/\/www.suszarki-valera.pl\/index.php\/wp-json\/wp\/v2\/product"}],"about":[{"href":"http:\/\/www.suszarki-valera.pl\/index.php\/wp-json\/wp\/v2\/types\/product"}],"wp:featuredmedia":[{"embeddable":true,"href":"http:\/\/www.suszarki-valera.pl\/index.php\/wp-json\/wp\/v2\/media\/319"}],"wp:attachment":[{"href":"http:\/\/www.suszarki-valera.pl\/index.php\/wp-json\/wp\/v2\/media?parent=318"}],"wp:term":[{"taxonomy":"product_brand","embeddable":true,"href":"http:\/\/www.suszarki-valera.pl\/index.php\/wp-json\/wp\/v2\/product_brand?post=318"},{"taxonomy":"product_cat","embeddable":true,"href":"http:\/\/www.suszarki-valera.pl\/index.php\/wp-json\/wp\/v2\/product_cat?post=318"},{"taxonomy":"product_tag","embeddable":true,"href":"http:\/\/www.suszarki-valera.pl\/index.php\/wp-json\/wp\/v2\/product_tag?post=318"}],"curies":[{"name":"wp","href":"https:\/\/api.w.org\/{rel}","templated":true}]}}

<h5>Mod. 561.17/044.04 white</h5>
<table width="231">
<tbody>
<tr>
<td colspan="2" width="231">2-stopniowa regulacja nawiewu</td>
</tr>
<tr>
<td colspan="2" width="231">3-stopniowa regulacja temperatury</td>
</tr>
<tr>
<td colspan="2" width="231">Wyłącznik naciskowy</td>
</tr>
<tr>
<td colspan="2" width="231">Dyfuzor w zestawie</td>
</tr>
<tr>
<td colspan="2" width="231">Możliwość zimnego nawiewu</td>
</tr>
<tr>
<td colspan="2" width="231">Wyjmowany filtr</td>
</tr>
<tr>
<td colspan="2" width="231">Automatyczny wyłącznik w uchwycie ściennym</td>
</tr>
<tr>
<td colspan="2" width="231">Zabezpieczenie RCD ≤10mA</td>
</tr>
</tbody>
</table>
