{"id":329,"date":"2021-10-14T14:09:07","date_gmt":"2021-10-14T12:09:07","guid":{"rendered":"http:\/\/suszarki-valera.pl\/?post_type=product&#038;p=329"},"modified":"2021-11-05T11:10:11","modified_gmt":"2021-11-05T10:10:11","slug":"action-protect-1600-shaver-black","status":"publish","type":"product","link":"http:\/\/www.suszarki-valera.pl\/index.php\/produkt\/action-protect-1600-shaver-black\/","title":{"rendered":"Action Protect 1600 Shaver black"},"content":{"rendered":"","protected":false},"excerpt":{"rendered":"<h5>Mod. 542.06\/044.06 black<\/h5>\n<table width=\"231\">\n<tbody>\n<tr>\n<td colspan=\"2\" width=\"231\">2-stopniowa regulacja nawiewu<\/td>\n<\/tr>\n<tr>\n<td colspan=\"2\" width=\"231\">3-stopniowa regulacja temperatury<\/td>\n<\/tr>\n<tr>\n<td colspan=\"2\" width=\"231\">Wy\u0142\u0105cznik naciskowy<\/td>\n<\/tr>\n<tr>\n<td colspan=\"2\" width=\"231\">Dyfuzor w zestawie<\/td>\n<\/tr>\n<tr>\n<td colspan=\"2\" width=\"231\">Mo\u017cliwo\u015b\u0107 zimnego nawiewu<\/td>\n<\/tr>\n<tr>\n<td colspan=\"2\" width=\"231\">Automatyczny wy\u0142\u0105cznik w uchwycie \u015bciennym<\/td>\n<\/tr>\n<tr>\n<td colspan=\"2\" width=\"231\">Zabezpieczenie RCD \u226410mA<\/td>\n<\/tr>\n<\/tbody>\n<\/table>\n","protected":false},"featured_media":330,"template":"","meta":[],"product_brand":[],"product_cat":[22,76,69],"product_tag":[],"class_list":{"0":"post-329","1":"product","2":"type-product","3":"status-publish","4":"has-post-thumbnail","6":"product_cat-suszarki-hotelowe","7":"product_cat-suszarki-z-uchwytem-sciennym","8":"product_cat-action-protect","10":"first","11":"instock","12":"shipping-taxable","13":"product-type-simple"},"_links":{"self":[{"href":"http:\/\/www.suszarki-valera.pl\/index.php\/wp-json\/wp\/v2\/product\/329","targetHints":{"allow":["GET"]}}],"collection":[{"href":"http:\/\/www.suszarki-valera.pl\/index.php\/wp-json\/wp\/v2\/product"}],"about":[{"href":"http:\/\/www.suszarki-valera.pl\/index.php\/wp-json\/wp\/v2\/types\/product"}],"wp:featuredmedia":[{"embeddable":true,"href":"http:\/\/www.suszarki-valera.pl\/index.php\/wp-json\/wp\/v2\/media\/330"}],"wp:attachment":[{"href":"http:\/\/www.suszarki-valera.pl\/index.php\/wp-json\/wp\/v2\/media?parent=329"}],"wp:term":[{"taxonomy":"product_brand","embeddable":true,"href":"http:\/\/www.suszarki-valera.pl\/index.php\/wp-json\/wp\/v2\/product_brand?post=329"},{"taxonomy":"product_cat","embeddable":true,"href":"http:\/\/www.suszarki-valera.pl\/index.php\/wp-json\/wp\/v2\/product_cat?post=329"},{"taxonomy":"product_tag","embeddable":true,"href":"http:\/\/www.suszarki-valera.pl\/index.php\/wp-json\/wp\/v2\/product_tag?post=329"}],"curies":[{"name":"wp","href":"https:\/\/api.w.org\/{rel}","templated":true}]}}

<h5>Mod. 542.06/044.06 black</h5>
<table width="231">
<tbody>
<tr>
<td colspan="2" width="231">2-stopniowa regulacja nawiewu</td>
</tr>
<tr>
<td colspan="2" width="231">3-stopniowa regulacja temperatury</td>
</tr>
<tr>
<td colspan="2" width="231">Wyłącznik naciskowy</td>
</tr>
<tr>
<td colspan="2" width="231">Dyfuzor w zestawie</td>
</tr>
<tr>
<td colspan="2" width="231">Możliwość zimnego nawiewu</td>
</tr>
<tr>
<td colspan="2" width="231">Automatyczny wyłącznik w uchwycie ściennym</td>
</tr>
<tr>
<td colspan="2" width="231">Zabezpieczenie RCD ≤10mA</td>
</tr>
</tbody>
</table>
